 factors of 47347499.
17, 449, 6203
List the prime factors of 208078730.
2, 5, 20807873
What are the prime factors of 15547955?
5, 37, 229, 367
List the prime factors of 221687667.
3, 17, 79, 18341
List the prime factors of 1802657902.
2, 13003, 69317
What are the prime factors of 4864563002?
2, 13, 187098577
What are the prime factors of 821135580?
2, 3, 5, 29, 16273
What are the prime factors of 177309546?
2, 3, 29551591
What are the prime factors of 536200433?
107, 587, 8537
What are the prime factors of 736031773?
736031773
What are the prime factors of 4486062?
2, 3, 7, 17, 61, 103
List the prime factors of 328141128.
2, 3, 7, 983, 1987
List the prime factors of 777717278.
2, 13, 29912203
What are the prime factors of 2098808644?
2, 17, 30864833
What are the prime factors of 789195068?
2, 2153, 91639
List the prime factors of 238503539.
2473, 96443
What are the prime factors of 102042486?
2, 3, 7, 13, 62297
What are the prime factors of 7526783698?
2, 7, 47, 71, 73, 2207
List the prime factors of 2724927781.
2724927781
What are the prime factors of 3331931941?
13, 19, 13489603
List the prime factors of 710421109.
17, 127, 281, 1171
What are the prime factors of 1642236138?
2, 3, 2477, 36833
What are the prime factors of 2544382559?
2544382559
What are the prime factors of 832824044?
2, 13, 16015847
List the prime factors of 42254366.
2, 7, 11, 19, 2063
What are the prime factors of 1666820806?
2, 7, 41, 109, 26641
List the prime factors of 793348078.
2, 17, 19, 769, 1597
What are the prime factors of 153233463?
3, 101, 283, 1787
What are the prime factors of 244119297?
3, 1759, 46261
What are the prime factors of 486606472?
2, 11, 5529619
What are the prime factors of 301781444?
2, 75445361
What are the prime factors of 109607829?
3, 36535943
List the prime factors of 669709449.
3, 74412161
List the prime factors of 185455447.
19, 513727
List the prime factors of 5941966572.
2, 3, 151, 121453
List the prime factors of 34430389.
7, 17, 41333
List the prime factors of 997932704.
2, 1409, 22133
What are the prime factors of 28049780?
2, 5, 11, 59, 2161
List the prime factors of 4201055.
5, 149, 5639
List the prime factors of 327075184.
2, 173, 118163
List the prime factors of 90453500.
2, 5, 180907
What are the prime factors of 561240191?
523, 1073117
List the prime factors of 750363876.
2, 3, 491, 42451
What are the prime factors of 54932279?
31, 673, 2633
What are the prime factors of 17854600?
2, 5, 89273
List the prime factors of 112356806.
2, 56178403
List the prime factors of 388999194.
2, 3, 64833199
What are the prime factors of 172255333?
139, 1239247
List the prime factors of 388244725.
5, 11, 17, 83047
What are the prime factors of 1038578249?
1038578249
What are the prime factors of 799172887?
83, 179, 53791
What are the prime factors of 1025917451?
13, 78916727
List the prime factors of 63322588.
2, 7, 23, 98327
What are the prime factors of 2903081375?
5, 137, 169523
List the prime factors of 331116565.
5, 13, 17, 299653
What are the prime factors of 2336867613?
3, 331, 784447
List the prime factors of 46184446.
2, 7, 11, 499, 601
What are the prime factors of 723836972?
2, 180959243
List the prime factors of 80951764.
2, 3761, 5381
List the prime factors of 352891245.
3, 5, 7, 3360869
List the prime factors of 3016060786.
2, 36919, 40847
What are the prime factors of 4202179605?
3, 5, 13, 29, 247697
List the prime factors of 144948583.
13, 29, 384479
What are the prime factors of 3496609063?
23, 6609847
List the prime factors of 2217026485.
5, 727, 609911
What are the prime factors of 123243250?
2, 5, 13, 2917
List the prime factors of 11919076.
2, 13, 229213
What are the prime factors of 1645938179?
241, 6829619
What are the prime factors of 32514969?
3, 10838323
List the prime factors of 128576317.
128576317
List the prime factors of 4710634604.
2, 13, 29, 467, 6689
List the prime factors of 173665528.
2, 21708191
List the prime factors of 55086278.
2, 13, 2118703
What are the prime factors of 69518476?
2, 83, 209393
List the prime factors of 24153430.
2, 5, 7, 17, 20297
List the prime factors of 612876455.
5, 61, 281, 7151
What are the prime factors of 291140435?
5, 58228087
List the prime factors of 226610023.
226610023
List the prime factors of 308913765.
3, 5, 137, 150323
What are the prime factors of 60182147?
67, 898241
List the prime factors of 170474697.
3, 18941633
List the prime factors of 2869586053.
23, 179, 697009
List the prime factors of 1527334480.
2, 5, 7, 2727383
What are the prime factors of 1309436496?
2, 3, 3031103
List the prime factors of 38844516.
2, 3, 23, 140741
List the prime factors of 11186332.
2, 2796583
List the prime factors of 33875692.
2, 53, 159791
List the prime factors of 162510111.
3, 23, 101, 2591
What are the prime factors of 112424055?
3, 5, 199, 37663
What are the prime factors of 54721602?
2, 3, 13, 77951
List the prime factors of 117871116.
2, 3, 11, 677, 1319
What are the prime factors of 2753499511?
7, 29, 139, 97583
List the prime factors of 4878610317.
3, 7, 1117, 7703
What are the prime factors of 229773179?
53, 223, 19441
What are the prime factors of 150970702?
2, 563, 134077
List the prime factors of 65857908.
2, 3, 5488159
List the prime factors of 1122025.
5, 37, 1213
What are the prime factors of 156660792?
2, 3, 53, 79, 1559
List the prime factors of 182302471.
13, 14023267
List the prime factors of 142833710.
2, 5, 433, 32987
What are the prime factors of 58197315?
3, 5, 11, 352711
What are the prime factors of 741609047?
1163, 637669
List the prime factors of 157259148.
2, 3, 13104929
List the prime factors of 8167544319.
3, 11, 247501343
List the prime factors of 2412138715.
5, 7, 68918249
List the prime factors of 144025730.
2, 5, 449, 32077
What are the prime factors of 322122417?
3, 43, 89, 28057
List the prime factors of 4018720138.
2, 61, 1231, 26759
What are the prime factors of 149198411?
1123, 132857
What are the prime factors of 222211582?
2, 47, 59, 103, 389
What are the prime factors of 13329197?
7, 1904171
List the prime factors of 82292568.
2, 3, 857, 4001
List the prime factors of 538822184.
2, 3907, 17239
What are the prime factors of 104139643?
104139643
What are the prime factors of 1143715426?
2, 7, 17, 31, 155017
What are the prime factors of 4789836641?
23, 173, 1203779
What are the prime factors of 23555345?
5, 11, 19, 22541
List the prime factors of 9834388.
2, 577, 4261
What are the prime factors of 509014148?
2, 29, 1811, 2423
What are the prime factors of 498796885?
5, 347, 287491
List the prime factors of 4994206.
2, 7, 29, 12301
What are the prime factors of 912470763?
3, 19, 1021, 15679
What are the prime factors of 232095?
3, 5, 15473
What are the prime factors of 61796610?
2, 3, 5, 463, 1483
List the prime factors of 640541568.
2, 3, 47, 35491
What are the prime factors of 3374349564?
2, 3, 281195797
What are the prime factors of 1719118265?
5, 571, 602143
List the prime factors of 643592462.
2, 53, 109, 1051
List the prime factors of 1211009183.
1211009183
List the prime factors of 83804225.
5, 3352169
List the prime factors of 367556091.
3, 7, 17502671
List the prime factors of 167291533.
929, 180077
List the prime factors of 605425334.
2, 9413, 32159
List the prime factors of 27669637.
27669637
What are the prime factors of 119883379?
7, 11, 1556927
List the prime factors of 1540654529.
17, 929, 97553
List the prime factors of 424370609.
13, 17, 103, 181
What are the prime factors of 1430734582?
2, 715367291
List the prime factors of 72248528.
2, 11, 479, 857
List the prime factors of 3146226036.
2, 3, 19, 61, 226217
List the prime factors of 294426437.
31, 9497627
List the prime factors of 824586956.
2, 67, 3076817
What are the prime factors of 225358473?
3, 71, 1058021
List the prime factors of 42897313.
42897313
List the prime factors of 6782507.
17, 37, 41, 263
List the prime factors of 209579376.
2, 3, 4366237
What are the prime factors of 441354373?
53, 8327441
What are the prime factors of 1094062826?
2, 19, 73, 181, 2179
List the prime factors of 48905466.
2, 3, 109, 74779
List the prime factors of 595750809.
3, 6121, 32443
List the prime factors of 817522919.
149, 5486731
List the prime factors of 199731641.
101, 1977541